 2*c + 172, 4*c + 466 = 5*l. Calculate the greatest common factor of l and j.
18
Let s = 46 + -23. Let y(d) = 14*d**2 + 5*d + 4. Let m be y(-3). What is the greatest common divisor of m and s?
23
Let h(k) = -k + 6. Let z be h(6). Let r be (0 - 0) + 2 + 1. Suppose 6*c - c - 29 = j, -r*j - 12 = z. What is the highest common factor of 25 and c?
5
Let g = 863 + 616. What is the highest common divisor of 87 and g?
87
Let x be 0 - -33*1 - -2. Let n be ((-5)/(-1) - -15)*(-3)/(-12). What is the highest common factor of n and x?
5
Suppose -x = 3*u - 297, 604 = 2*x - 5*u + 9*u. Calculate the greatest common factor of x and 39.
39
Let s(x) = 5*x - 2. Let j be s(2). Suppose 59*o - 39 = 20*o. Calculate the highest common factor of o and j.
1
Let k = 82 - 57. Calculate the highest common divisor of 275 and k.
25
Let m(u) = -8*u - 6. Let z be m(-1). Suppose j - 3*j = 3*a - 306, -z*a - j + 205 = 0. What is the greatest common divisor of a and 13?
13
Suppose -p - 162 = -5*o, 42*o + 36 = 43*o - 2*p. Calculate the greatest common divisor of o and 144.
16
Let f(z) = 8*z**2 - 3*z - 3. Let t be f(3). Let r(d) = 24*d**2 + 3*d - 3. Let y be r(1). Suppose 8*v + y = 9*v. What is the highest common divisor of v and t?
12
Suppose -59*j + 55*j = -4080. Calculate the highest common factor of 120 and j.
60
Let d = 11 - 1. Suppose -d = -0*a - a. Suppose 0 = 5*n + 4*w - 66, 44 - 22 = n + 3*w. Calculate the greatest common divisor of n and a.
10
Let v(x) = -x**2 - 66*x + 30. Let l be v(-20). Calculate the greatest common divisor of l and 38.
38
Let z(t) = 2*t - 1. Let n be (-5)/(15/12) + 6. Let j be z(n). Suppose j*s - 28 = -s. What is the greatest common divisor of s and 28?
7
Suppose -1702 = -9*r - 532. What is the highest common divisor of 30 and r?
10
Suppose 5*f - 64 = 4*z, -5*z = -14*f + 9*f + 65. Calculate the highest common factor of 114 and f.
6
Let r(t) = -t**2 + 1 + 0 + 21*t**2 + 3*t. Suppose 3*b - 8*b - 5 = 0. Let u be r(b). What is the greatest common divisor of u and 9?
9
Suppose 2*v + 1690 = 2*s, -3*v + 1308 = 2*s - 397. Calculate the highest common divisor of 48 and s.
16
Let z = -18 + 20. Suppose -24 = -z*l + l. Let p be (l/(-9) - 1)*-9. What is the greatest common factor of 3 and p?
3
Let l(u) = u**3 + 23*u**2 - 114*u - 12. Let h be l(-27). Calculate the highest common factor of 840 and h.
30
Suppose -58 = -q + 2*h, 5*q + h = 7*q - 119. What is the highest common factor of q and 100?
20
Let a be ((-2212)/11)/(-2) - 24/44. Let b be (-160)/6*(-6)/4. Calculate the greatest common divisor of b and a.
20
Suppose 5*l - 150 = -5*z, 0 = 5*z + l - 68 - 82. Suppose 3*p - 254 = -4*v, -278 = 25*p - 28*p + 2*v. Calculate the highest common divisor of z and p.
30
Let v(g) be the third derivative of -g**5/60 - 17*g**4/24 + 5*g**3/2 - 15*g**2. Let z be v(-15). Calculate the highest common divisor of z and 30.
15
Suppose 215 = 4*y + 3*t, 2*y - 5*t - 25 = y. Let g(b) = 5*b + 67. Let c be g(-13). What is the highest common factor of c and y?
2
Suppose -2*u = 5*t - 118, -3*t + 30 + 47 = -5*u. Let y = 37 - t. Suppose -o + 6*o = 585. What is the highest common factor of y and o?
13
Let r be 522/24*(-32)/(-3). Let x be (-3)/(-9)*15*-10. Let j be (-1480)/x + (-3)/5. What is the highest common divisor of r and j?
29
Suppose -27*c - c = -3724. What is the highest common factor of c and 14?
7
Let j = 21 - 11. Suppose 5*m + 0 = -j. Let a be (3 + 14)*1 + m. Calculate the highest common divisor of a and 10.
5
Let k be 0 - 95/(-35) - (-4)/14. Suppose k*p + 4*c - 54 = 0, -c + 56 = 3*p + 11. What is the highest common divisor of p and 49?
7
Let b = 82 + -46. Let i = b - 20. Suppose -5*v + 252 = 3*r - 2*v, 0 = 2*v - 8. Calculate the highest common divisor of i and r.
16
Suppose -29*m = -23*m - 96. Let b = -4 - -4. Suppose -o + 2*k = k - 36, 4*k + 16 = b. Calculate the greatest common divisor of m and o.
16
Let i(z) = 35*z - 105. Let x be i(7). What is the highest common factor of 220 and x?
20
Let q(w) = w**3 + w**2 - 6*w + 18. Let z be q(3). Suppose 0 = 4*l + 16 - 64. Calculate the greatest common divisor of l and z.
12
Let o = -8 + 12. Suppose -3*t = -o*m - 199, m + m - 63 = -t. Suppose t = 2*p + 3*p. Calculate the greatest common factor of 91 and p.
13
Let v = 107 - -233. Calculate the greatest common factor of v and 80.
20
Let u be ((-8)/(-10))/(1/20). Let p = 57 + -17. Suppose -3*j + p = -8. What is the highest common divisor of j and u?
16
Let g = -103 + 89. Let a be g/((5 + -7 + 3)/(-5)). What is the greatest common divisor of a and 10?
10
Suppose -4*r + 2*k = 3*k - 25, -r - 5*k + 11 = 0. Suppose -65*p + 2460 = -9*p + 26*p. What is the greatest common divisor of p and r?
6
Let k = 3 - -1. Let x(t) = 27*t - 58. Let u be x(k). Calculate the greatest common divisor of 30 and u.
10
Let x = -209 + 749. Calculate the greatest common factor of 24 and x.
12
Let n = 6 + 2. Suppose 3*g - 1 - 15 = 4*k, -2 = -k. Calculate the highest common factor of g and n.
8
Let q(o) = 338*o - 64. Let v be q(3). Calculate the greatest common divisor of 50 and v.
50
Let a(v) = -v**2 + 4*v - 1. Let t be a(2). Suppose 2*o + 4 = 0, -t*s + 0*o = 2*o - 5. Calculate the highest common factor of 9 and s.
3
Let v be 207798/413 - (36/14)/(-3). Calculate the highest common factor of v and 112.
56
Suppose -3*g + 20 = 2*g. Suppose g*m - 66 = m. Let d = 26 + m. Calculate the highest common divisor of d and 120.
24
Suppose 9*y + 275 = -175. Let p = -16 - y. Calculate the highest common factor of 17 and p.
17
Let i(s) = -s**3 + 45*s**2 + 31. Let x be i(45). Let p(k) = -k**3 + 11*k**2 + 5. Let u be p(5). Calculate the highest common divisor of x and u.
31
Suppose z - 6*z = 5*q - 7480, -q = -5*z - 1484. Let j be q/15 - 3/5. Calculate the greatest common divisor of j and 11.
11
Let h be (15 - (6 + 1)) + 56. Calculate the highest common factor of h and 80.
16
Let j be 3650/16 - (-8)/(-64). What is the highest common divisor of j and 12?
12
Let f(k) = k**3 + 6*k**2 + k - 6. Suppose 0 = 9*w - 10*w - 5. Let t be f(w). What is the greatest common divisor of 35 and t?
7
Let h(r) = r**3 + 12*r**2 - r - 8. Let a be h(-12). Let z(f) = -2*f**2 - 9*f + 8. Let j be z(-7). Let q = -26 - j. What is the highest common factor of a and q?
1
Let t = 431 - 215. What is the greatest common factor of 8 and t?
8
Suppose 3*v - 18 = -3*a + 33, -2*a = -v + 23. Calculate the greatest common factor of 361 and v.
19
Let r = 126 + -100. What is the highest common divisor of r and 78?
26
Suppose r + 2*s - 26 = -0*r, 4*r = -5*s + 107. Let l(j) = 3*j - 1. Let g be l(6). Let x = g - 10. Calculate the highest common factor of x and r.
7
Let o(r) = 2*r**2 + 4*r + 3. Let t be o(-2). Suppose 0 = -3*v - 12, 2*u - v - v = 56. What is the highest common factor of t and u?
3
Suppose -1695 = -33*m + 3882. Calculate the highest common divisor of 13 and m.
13
Let a(b) = b**2 - 18*b + 24. Let t be a(20). Calculate the greatest common factor of 1 and t.
1
Let o = -368 + 899. Calculate the greatest common factor of o and 59.
59
Let w = -129 + -462. Let v = -411 - w. Calculate the greatest common factor of 20 and v.
20
Let l be (-114)/513 - 1012/(-18). Calculate the highest common divisor of 644 and l.
28
Suppose -54*p + 10 = -49*p. Let c be 724/12 + p/(-6). Let w = 68 - 28. What is the highest common factor of c and w?
20
Let o = -21 + 27. Let q = 105 - o. What is the greatest common factor of 11 and q?
11
Let m = 114 + -149. Let q be m/10*90/(-21). What is the greatest common factor of 3 and q?
3
Let s = -5 + 15. Let j be (-3)/(-12) - 4/16. Suppose 2*y + 2*q - 150 = j, -2*y + 255 = y - 3*q. What is the greatest common factor of y and s?
10
Let q = 1765 + -1733. Let w = -13 + 21. What is the greatest common factor of w and q?
8
Suppose -5*d - 5*y + 325 = 0, -193 = -7*d + 4*d - y. Suppose 32 = 4*x - 0*x. What is the highest common factor of x and d?
8
Let h(f) = -7*f - 7. Let t be h(-3). Let s = t + -3. What is the greatest common divisor of 143 and s?
11
Let d = -3 + 2. Let u be (-1)/d*17 - 1. Suppose 0 = 5*z - 2*z - 3*f - 99, 31 = z + f. Calculate the greatest common divisor of u and z.
16
Let r be -5*(-98)/70*(-6)/(-7). What is the greatest common factor of 102 and r?
6
Let f(q) = q**3 - 8*q + 4. Let a be f(4). Let g = a - 34. Suppose -5*s = 2*v - 10, 2*v = 7*v - g*s -